{"id":52,"date":"2018-07-16T17:42:06","date_gmt":"2018-07-16T17:42:06","guid":{"rendered":"https:\/\/p4y.revolutiontech.com.br\/index.php\/product\/blue-cap-sleeved-midi-dress\/"},"modified":"2025-11-05T17:23:15","modified_gmt":"2025-11-05T17:23:15","slug":"palhaca-sadica","status":"publish","type":"product","link":"https:\/\/p4y.revolutiontech.com.br\/index.php\/product\/palhaca-sadica\/","title":{"rendered":"Palha\u00e7a S\u00e1dica"},"content":{"rendered":"<p>Essa fantasia mistura elementos cl\u00e1ssicos de palha\u00e7o com uma est\u00e9tica sombria e assustadora, perfeita para criar impacto visual e causar arrepios!<\/p>\n","protected":false},"excerpt":{"rendered":"<p><strong data-start=\"635\" data-end=\"668\">Itens inclusos no aluguel:<\/strong><br data-start=\"668\" data-end=\"671\" \/>\u2714 Vestido listrado com manga longa e efeito envelhecido<br data-start=\"711\" data-end=\"714\" \/>\u2714 Cal\u00e7a combinando com el\u00e1stico e babados nos joelhos<br data-start=\"770\" data-end=\"773\" \/>\u2714 Gola com babados<br data-start=\"802\" data-end=\"805\" \/>\u2714\u00a0M\u00e1scara com cabelo sint\u00e9tico vermelho e express\u00e3o assustadora<\/p>\n","protected":false},"featured_media":96,"comment_status":"open","ping_status":"closed","template":"","meta":[],"product_brand":[],"product_cat":[26,27,28],"product_tag":[32,29,31,30],"class_list":{"0":"post-52","1":"product","2":"type-product","3":"status-publish","4":"has-post-thumbnail","6":"product_cat-fantasias-femininas","7":"product_cat-fantasias-halloween","8":"product_cat-luxo","9":"product_tag-assustador","10":"product_tag-fantasias-femininas","11":"product_tag-halloween","12":"product_tag-terror","14":"first","15":"instock","16":"sale","17":"virtual","18":"purchasable","19":"product-type-simple"},"_links":{"self":[{"href":"https:\/\/p4y.revolutiontech.com.br\/index.php\/wp-json\/wp\/v2\/product\/52","targetHints":{"allow":["GET"]}}],"collection":[{"href":"https:\/\/p4y.revolutiontech.com.br\/index.php\/wp-json\/wp\/v2\/product"}],"about":[{"href":"https:\/\/p4y.revolutiontech.com.br\/index.php\/wp-json\/wp\/v2\/types\/product"}],"replies":[{"embeddable":true,"href":"https:\/\/p4y.revolutiontech.com.br\/index.php\/wp-json\/wp\/v2\/comments?post=52"}],"wp:featuredmedia":[{"embeddable":true,"href":"https:\/\/p4y.revolutiontech.com.br\/index.php\/wp-json\/wp\/v2\/media\/96"}],"wp:attachment":[{"href":"https:\/\/p4y.revolutiontech.com.br\/index.php\/wp-json\/wp\/v2\/media?parent=52"}],"wp:term":[{"taxonomy":"product_brand","embeddable":true,"href":"https:\/\/p4y.revolutiontech.com.br\/index.php\/wp-json\/wp\/v2\/product_brand?post=52"},{"taxonomy":"product_cat","embeddable":true,"href":"https:\/\/p4y.revolutiontech.com.br\/index.php\/wp-json\/wp\/v2\/product_cat?post=52"},{"taxonomy":"product_tag","embeddable":true,"href":"https:\/\/p4y.revolutiontech.com.br\/index.php\/wp-json\/wp\/v2\/product_tag?post=52"}],"curies":[{"name":"wp","href":"https:\/\/api.w.org\/{rel}","templated":true}]}}